{"version":"1.0","provider_name":"No Callarem","provider_url":"https:\/\/nocallarem.org\/es\/","title":"Artistas por la libertad de expresi\u00f3n - No Callarem","type":"rich","width":600,"height":338,"html":"<blockquote class=\"wp-embedded-content\" data-secret=\"G1Z60onjLh\"><a href=\"https:\/\/nocallarem.org\/es\/medios\/artistas-por-la-libertad-de-expresion\/\">Artistas por la libertad de expresi\u00f3n<\/a><\/blockquote><iframe sandbox=\"allow-scripts\" security=\"restricted\" src=\"https:\/\/nocallarem.org\/es\/medios\/artistas-por-la-libertad-de-expresion\/embed\/#?secret=G1Z60onjLh\" width=\"600\" height=\"338\" title=\"\u00abArtistas por la libertad de expresi\u00f3n\u00bb \u2014 No Callarem\" data-secret=\"G1Z60onjLh\" frameborder=\"0\" marginwidth=\"0\" marginheight=\"0\" scrolling=\"no\" class=\"wp-embedded-content\"><\/iframe><script type=\"text\/javascript\">\n\/* <![CDATA[ *\/\n\/*! This file is auto-generated *\/\n!function(d,l){\"use strict\";l.querySelector&&d.addEventListener&&\"undefined\"!=typeof URL&&(d.wp=d.wp||{},d.wp.receiveEmbedMessage||(d.wp.receiveEmbedMessage=function(e){var t=e.data;if((t||t.secret||t.message||t.value)&&!\/[^a-zA-Z0-9]\/.test(t.secret)){for(var s,r,n,a=l.querySelectorAll('iframe[data-secret=\"'+t.secret+'\"]'),o=l.querySelectorAll('blockquote[data-secret=\"'+t.secret+'\"]'),c=new RegExp(\"^https?:$\",\"i\"),i=0;i<o.length;i++)o[i].style.display=\"none\";for(i=0;i<a.length;i++)s=a[i],e.source===s.contentWindow&&(s.removeAttribute(\"style\"),\"height\"===t.message?(1e3<(r=parseInt(t.value,10))?r=1e3:~~r<200&&(r=200),s.height=r):\"link\"===t.message&&(r=new URL(s.getAttribute(\"src\")),n=new URL(t.value),c.test(n.protocol))&&n.host===r.host&&l.activeElement===s&&(d.top.location.href=t.value))}},d.addEventListener(\"message\",d.wp.receiveEmbedMessage,!1),l.addEventListener(\"DOMContentLoaded\",function(){for(var e,t,s=l.querySelectorAll(\"iframe.wp-embedded-content\"),r=0;r<s.length;r++)(t=(e=s[r]).getAttribute(\"data-secret\"))||(t=Math.random().toString(36).substring(2,12),e.src+=\"#?secret=\"+t,e.setAttribute(\"data-secret\",t)),e.contentWindow.postMessage({message:\"ready\",secret:t},\"*\")},!1)))}(window,document);\n\/\/# sourceURL=https:\/\/nocallarem.org\/wp-includes\/js\/wp-embed.min.js\n\/* ]]> *\/\n<\/script>\n","description":"A ra\u00edz de la muestra de la obra de Santiago Sierra \u00abPresos pol\u00edticos en la Espa\u00f1a contempor\u00e1nea\u00bb, el CCCB coorganiza con el colectivo \u00a1No Callaremos! una tarde de acciones art\u00edsticas para reivindicar el derecho a la libertad de expresi\u00f3n."}

Artistas por la libertad de expresión - No Callarem

<blockquote class="wp-embedded-content" data-secret="G1Z60onjLh"><a href="https://nocallarem.org/es/medios/artistas-por-la-libertad-de-expresion/">Artistas por la libertad de expresión</a></blockquote><iframe sandbox="allow-scripts" security="restricted" src="https://nocallarem.org/es/medios/artistas-por-la-libertad-de-expresion/embed/#?secret=G1Z60onjLh" width="600" height="338" title="«Artistas por la libertad de expresión» — No Callarem" data-secret="G1Z60onjLh" frameborder="0" marginwidth="0" marginheight="0" scrolling="no" class="wp-embedded-content"></iframe><script type="text/javascript">
/* <![CDATA[ */
/*! This file is auto-generated */
!function(d,l){"use strict";l.querySelector&&d.addEventListener&&"undefined"!=typeof URL&&(d.wp=d.wp||{},d.wp.receiveEmbedMessage||(d.wp.receiveEmbedMessage=function(e){var t=e.data;if((t||t.secret||t.message||t.value)&&!/[^a-zA-Z0-9]/.test(t.secret)){for(var s,r,n,a=l.querySelectorAll('iframe[data-secret="'+t.secret+'"]'),o=l.querySelectorAll('blockquote[data-secret="'+t.secret+'"]'),c=new RegExp("^https?:$","i"),i=0;i<o.length;i++)o[i].style.display="none";for(i=0;i<a.length;i++)s=a[i],e.source===s.contentWindow&&(s.removeAttribute("style"),"height"===t.message?(1e3<(r=parseInt(t.value,10))?r=1e3:~~r<200&&(r=200),s.height=r):"link"===t.message&&(r=new URL(s.getAttribute("src")),n=new URL(t.value),c.test(n.protocol))&&n.host===r.host&&l.activeElement===s&&(d.top.location.href=t.value))}},d.addEventListener("message",d.wp.receiveEmbedMessage,!1),l.addEventListener("DOMContentLoaded",function(){for(var e,t,s=l.querySelectorAll("iframe.wp-embedded-content"),r=0;r<s.length;r++)(t=(e=s[r]).getAttribute("data-secret"))||(t=Math.random().toString(36).substring(2,12),e.src+="#?secret="+t,e.setAttribute("data-secret",t)),e.contentWindow.postMessage({message:"ready",secret:t},"*")},!1)))}(window,document);
//# sourceURL=https://nocallarem.org/wp-includes/js/wp-embed.min.js
/* ]]> */
</script>

A raíz de la muestra de la obra de Santiago Sierra «Presos políticos en la España contemporánea», el CCCB coorganiza con el colectivo ¡No Callaremos! una tarde de acciones artísticas para reivindicar el derecho a la libertad de expresión.
